divided by 681?
386
Calculate the remainder when 8406491 is divided by 2877.
2774
What is the remainder when 2529731 is divided by 194589?
74
What is the remainder when 19682345 is divided by 817?
815
What is the remainder when 66859 is divided by 20?
19
What is the remainder when 1435333 is divided by 204963?
592
Calculate the remainder when 20382429 is divided by 14.
11
Calculate the remainder when 786923 is divided by 394.
105
Calculate the remainder when 46377 is divided by 11566.
113
Calculate the remainder when 283139 is divided by 47176.
83
Calculate the remainder when 149802862 is divided by 12.
10
Calculate the remainder when 4721836 is divided by 156.
28
Calculate the remainder when 364825 is divided by 31.
17
Calculate the remainder when 5352526 is divided by 8.
6
Calculate the remainder when 33380 is divided by 1672.
1612
Calculate the remainder when 91362 is divided by 22814.
106
Calculate the remainder when 214363 is divided by 5226.
97
Calculate the remainder when 1083431 is divided by 3736.
3727
What is the remainder when 47332778 is divided by 4188?
2
What is the remainder when 21964435 is divided by 169?
12
What is the remainder when 7228803 is divided by 86057?
15
Calculate the remainder when 231289 is divided by 2927.
56
What is the remainder when 21441710 is divided by 4288341?
5
What is the remainder when 11007436 is divided by 3669141?
13
Calculate the remainder when 1814949 is divided by 771.
15
What is the remainder when 4772371 is divided by 60?
31
What is the remainder when 382998 is divided by 1208?
62
Calculate the remainder when 62756 is divided by 62720.
36
Calculate the remainder when 2710194 is divided by 338772.
18
What is the remainder when 10531100 is divided by 3292?
3284
Calculate the remainder when 4279573 is divided by 8090.
8053
Calculate the remainder when 20596 is divided by 19687.
909
What is the remainder when 1275746 is divided by 13016?
178
What is the remainder when 54304147 is divided by 342?
19
Calculate the remainder when 902607 is divided by 4936.
4255
What is the remainder when 4582982 is divided by 1133?
1130
Calculate the remainder when 1331415 is divided by 936.
423
What is the remainder when 22969686 is divided by 141788?
30
Calculate the remainder when 58823809 is divided by 162.
151
Calculate the remainder when 703873 is divided by 2378.
2363
Calculate the remainder when 21608993 is divided by 1350561.
17
What is the remainder when 65381359 is divided by 65381336?
23
What is the remainder when 4288531 is divided by 1486?
1421
Calculate the remainder when 138965 is divided by 69426.
113
Calculate the remainder when 1510999 is divided by 368.
359
Calculate the remainder when 676246 is divided by 19.
17
Calculate the remainder when 6375 is divided by 4910.
1465
Calculate the remainder when 36206328 is divided by 112442.
4
What is the remainder when 835190 is divided by 66?
26
Calculate the remainder when 33390139 is divided by 10.
9
Calculate the remainder when 7883038 is divided by 33.
31
Calculate the remainder when 546848 is divided by 647.
133
Calculate the remainder when 371882 is divided by 3475.
57
What is the remainder when 301482 is divided by 301474?
8
What is the remainder when 9227620 is divided by 1318224?
52
What is the remainder when 1693926 is divided by 7916?
7818
What is the remainder when 17671991 is divided by 2028?
2027
Calculate the remainder when 25957481 is divided by 8564.
8561
What is the remainder when 244551221 is divided by 164?
161
Calculate the remainder when 49109 is divided by 2398.
1149
What is the remainder when 44058703 is divided by 40?
23
What is the remainder when 296427 is divided by 36949?
835
What is the remainder when 9362129 is divided by 133?
126
Calculate the remainder when 211916 is divided by 2885.
1311
Calculate the remainder when 123142192 is divided by 24.
16
What is the remainder when 22188502 is divided by 53?
52
What is the remainder when 132267236 is divided by 3066?
3062
What is the remainder when 5775721 is divided by 1248?
1225
Calculate the remainder when 3728217 is divided by 128556.
93
What is the remainder when 548829 is divided by 710?
709
What is the remainder when 4715533 is divided by 1571751?
280
What is the remainder when 67824 is divided by 8443?
280
What is the remainder when 287375 is divided by 10263?
11
Calculate the remainder when 20179916 is divided by 10.
6
What is the remainder when 1752816 is divided by 67416?
0
Calculate the remainder when 35505 is divided by 8859.
69
Calculate the remainder when 580645 is divided by 1528.
5
What is the remainder when 863976 is divided by 44?
36
What is the remainder when 76211 is divided by 547?
178
Calculate the remainder when 11919 is divided by 2959.
83
Calculate the remainder when 585386 is divided by 125.
11
What is the remainder when 10693 is divided by 8926?
1767
Calculate the remainder when 123580101 is divided by 466340.
1
What is the remainder when 3438249 is divided by 687644?
29
What is the remainder when 194463 is divided by 663?
204
What is the remainder when 158850 is divided by 79407?
36
What is the remainder when 530135 is divided by 19?
16
Calculate the remainder when 13039924 is divided by 1427.
1425
What is the remainder when 972875 is divided by 91?
85
Calculate the remainder when 2221004 is divided by 46.
32
What is the remainder when 186650 is divided by 185702?
948
What is the remainder when 32348 is divided by 2962?
2728
Calculate the remainder when 22367 is divided by 337.
125
What is the remainder when 595024 is divided by 4877?
30
Calculate the remainder when 28079402 is divided by 21208.
10
What is the remainder when 316332 is divided by 766?
740
What is the remainder when 1300261 is divided by 274?
131
Calculate the remainder when 1396002 is divided by 92.
86
What is the remainder when 8947250 is divided by 2630?
2620
Calculate the remainder when 597061 is divided by 2388.
61
Calculate the remainder when 5416426 is divided by 159.
91
What is the remainder when 1079467 is divided by 44965?
307
Calculate the remainder when 18160 is divided by 3624.
40
Calculate the remainder when 1771621 is divided by 82.
11
What is the remainder when 2092670 is divided by 2092627?
43
Calculate the remainder when 8194368 is divided by 74494.
28
What is the remainder when 198367 is divided by 419?
180
Calculate the remainder when 345332 is divided by 106.
90
What is the remainder when 26743 is divided by 1808?
1431
Calculate the remainder when 108147 is divided by 1466.
1129
Calculate the remainder when 2127765 is divided by 144.
21
What is the remainder when 2005098 is divided by 51?
33
Calculate the remainder when 65818 is divided by 57.
40
What is the remainder when 47666146 is divided by 29?
6
What is the remainder when 375647 is divided by 375601?
46
What is the remainder when 695941698 is divided by 4327?
4326
What is the remainder when 70091997 is divided by 250?
247
Calculate the remainder when 25560 is divided by 7219.
3903
Calculate the remainder when 1578539 is divided by 454.
435
Calculate the remainder when 3275403 is divided by 164.
159
What is the remainder when 131362 is divided by 131321?
41
What is the remainder when 76064 is divided by 4887?
2759
Calculate the remainder when 8738523 is divided by 119.
115
What is the remainder when 19094 is divided by 283?
133
Calculate the remainder when 374532 is divided by 8508.
180
What is the remainder when 2951160 is divided by 1475572?
16
Calculate the remainder when 60754772 is divided by 14.
8
What is the remainder when 914213 is divided by 2561?
2497
Calculate the remainder when 89436 is divided by 20727.
6528
Calculate the remainder when 444004 is divided by 829.
489
What is the remainder when 9077020 is divided by 4708?
4704
What is the remainder when 35653991 is divided by 107?
93
What is the remainder when 309528 is divided by 38691?
0
Calculate the remainder when 24377826 is divided by 139.
6
What is the remainder when 306814 is divided by 61349?
69
What is the remainder when 442827 is divided by 621?
54
Calculate the remainder when 282896 is divided by 4622.
954
Calculate the remainder when 339160 is divided by 48435.
115
What is the remainder when 204360169 is divided by 2772?
13
What is the r